mainder when n is divided by 2.
1
Let n = 36 + 2. Let x = -260 + 534. Suppose 3*t = x - 232. What is the remainder when n is divided by t?
10
Suppose -7*m - 4*r = -2*m - 1323, -1080 = -4*m + 4*r. Suppose -d + 24 + 30 = 0. What is the remainder when m is divided by d?
51
Let w = -45 + 66. Calculate the remainder when (5/3)/(330/11286) is divided by w.
15
Suppose 26*u = 24*u + 186. Let t = u - 31. Suppose 0 = -5*q + 25, 2*q = -2*f - 0*q + t. Calculate the remainder when f is divided by 14.
12
Suppose 14*k + 51519 + 352563 = 0. What is the remainder when k/(-189) + 36/(-21) + 2 is divided by 68?
17
Let x be 3 - (-10)/5 - 512. Let s = x + 529. Calculate the remainder when 120 is divided by s.
10
Let q be (-1 - 3) + (-28)/126*-117. Suppose 32 = 4*k - 3*k. Let p = k - q. What is the remainder when 14 is divided by p?
4
Suppose 0 = 10*q + 16*q - 338. What is the remainder when 1296 is divided by q?
9
Suppose 3*p + 15*v - 16*v = 304, 5*p + 5*v = 480. Suppose -g - 4*z + p = 3*g, g - 19 = -4*z. What is the remainder when 375 is divided by g?
24
Suppose -362 = -28*h + 142. Let j be (-312)/36*21/(-2). Let y = 196 - j. What is the remainder when y is divided by h?
15
Let b = 62 - 53. Suppose -b*k + 3*k = -780. What is the remainder when k is divided by 33?
31
Suppose -30*h + 35*h - 380 = 0. Let u = -101 + 218. Suppose g - 4*g + u = 0. Calculate the remainder when h is divided by g.
37
Suppose 0 = 3*j - t + 605, -4*j + 203 = -5*j - t. Let q = -168 - j. Calculate the remainder when 97 is divided by q.
29
Let n(t) = -49*t - 30. Suppose -152 = -5*u - 2*l, 9*u - 2*l + 92 = 12*u. Calculate the remainder when n(-11) is divided by u.
29
Suppose 32 + 8 = -5*x. Let l be (90/x)/((-18)/384). Calculate the remainder when 1*(l/3 - 2) is divided by 20.
18
Suppose 38*k - 1107 = 11*k. What is the remainder when k is divided by -3*1*68/(-12)?
7
Suppose -5*f - 2*c = -105, -1037*f + 1038*f - 4*c = 21. Calculate the remainder when 1165 is divided by f.
10
Suppose 39 = 8*g + 5*g. Suppose x = -5*k + g*x + 92, 5*k - x = 96. What is the remainder when 217 is divided by k?
17
Let l = -195 + 224. Let p = l + -17. Let k = -108 - -165. Calculate the remainder when k is divided by p.
9
Suppose -v + 3147 = n + 1207, 5*n - 3*v - 9660 = 0. Calculate the remainder when n is divided by 114.
111
Suppose -5*c = 2*v - 13, 5*c - 2*v - 19 = -2. Calculate the remainder when (407 - 1) + c + 4 is divided by 13.
10
Let i(z) = 6*z**2 - 12*z + 58. Let t be i(4). Let w = t + -95. Calculate the remainder when 186 is divided by w.
10
Let l(k) = 5*k - 29. Suppose 2*m - 6*j + 3*j = 826, m - 3*j = 419. Calculate the remainder when m is divided by l(14).
38
Let m be 2*(-657)/(-15) - (-12)/30. Suppose m + 32 = 5*r. Calculate the remainder when r is divided by 2.
0
Suppose -3*a = a - 4. Suppose -x + 3*i - 7*i = 24, -2*x = -3*i - 7. Let s = a - x. What is the remainder when 28 is divided by s?
3
Let z = 122 + -118. Suppose 0 = -z*m + 1 + 35. Let q(s) = 44*s**3 + s**2 - s. Calculate the remainder when q(1) is divided by m.
8
Let u(t) = t**2 - 11*t - 2. Let d(a) = a**3 - 13*a**2 - 2*a - 132. What is the remainder when d(14) is divided by u(13)?
12
Suppose 68*o = -102 + 782. What is the remainder when 213 is divided by o?
3
Let a(u) = 157*u - 1556. What is the remainder when 349 is divided by a(10)?
13
Suppose -3*b = -7*b + 12. Suppose -b*u + 208 = -35. What is the remainder when u is divided by 84/4 + (-5 + 8 - 10)?
11
Let a(w) = 2*w**2 - 407*w + 7692. Let j = 88 - 48. Calculate the remainder when a(183) is divided by j.
29
Let p = 14728 + -14126. What is the remainder when p is divided by 38?
32
Let r = -762 - -762. Let j(m) be the second derivative of m**4/12 + m**3/2 + 49*m**2/2 - m. Calculate the remainder when 193 is divided by j(r).
46
Let x(f) = 2*f + 3. Let y = -2562 - -2605. Calculate the remainder when y is divided by x(4).
10
Let s be (3 - (-3 - -5))*(-1 - -6). Suppose 12 = s*z - 38. Suppose z - 43 = -3*c. Calculate the remainder when 32 is divided by c.
10
Let d(l) = 13*l - 30 + 16*l - 20*l + 4*l. Suppose 4*h - 130 = -6. Calculate the remainder when d(8) is divided by h.
12
Let k(v) = 2*v**3 - 18*v**2 - 57*v + 381. Calculate the remainder when 3765 is divided by k(10).
3
Suppose 15 = 43*x - 28. Let g(p) = p**2 + 4*p - 7. Let n be g(-6). Suppose -n*f + 9 = -x. Calculate the remainder when 12 is divided by f.
0
Let o(t) = -t - 24. Let s(u) = -u - 1. Let l(i) = -o(i) + 4*s(i). Let g be 1 + 0 + (-218)/(-109) + 0. What is the remainder when 25 is divided by l(g)?
3
Calculate the remainder when (-33)/22*(-16)/(-84)*-5607 is divided by 801.
0
Let s(h) = h**2 + 6*h + 40. Suppose -9*r + 37 = 136. Calculate the remainder when s(r) is divided by 14 + 0/(-1*3).
11
Let c = -938251 + 938306. Let f = 7 + 3. Calculate the remainder when c is divided by f.
5
Suppose -183*y - 24 = -186*y. Suppose y*n - 217 = -65. Calculate the remainder when 52 is divided by n.
14
Suppose -a + 0*a + 14 = 0. Suppose -3840 = -8*d + 5*y - 0*y, -4*d + 1924 = -3*y. Calculate the remainder when d is divided by a.
13
Let y(k) be the first derivative of 2*k**3/3 + k**2/2 + 6*k + 14. Let z = -160 + 168. Calculate the remainder when y(z) is divided by 29.
26
Suppose -6*g = -g - 485. Let t be (-2 - (-80)/30) + (-34)/6. Let w = t + 26. Calculate the remainder when g is divided by w.
13
Let l(m) = -1030*m - 1021. Calculate the remainder when l(-4) is divided by 62.
61
Suppose -2*a = 12, 5*q + 19*a - 17*a - 148 = 0. Calculate the remainder when 294 is divided by q.
6
Let y be -1 + 1/((-3)/6) + 2. Let o be (y + 22/10)/(6/40). Suppose 5*t = o + 7. Calculate the remainder when 7 is divided by t.
1
Let g = -654 + 1172. Suppose -6*t + g = 98. Let l(c) = c**2 + 2*c - 11. What is the remainder when t is divided by l(-7)?
22
Let x be (3*2)/(-1*9/(-60)). Let s be (x + -4)*(-8)/12. Let m(v) = -v - 13. What is the remainder when m(s) is divided by 2?
1
Let w(p) = -4*p - 8. Let b(x) = -x**2 - 10*x + 22. Let z be b(-12). Let y be w(z). Suppose y*a = a - 44. Calculate the remainder when a is divided by 23.
21
Suppose 61202 + 47244 = 86*c. What is the remainder when c is divided by 1253?
8
Let o = 108 + -55. Let m be 0/1 - (2 - (-3 - 1)). Let y(r) = -r**3 - r**2 + 3*r - 6. Calculate the remainder when y(m) is divided by o.
50
Suppose 26*h - 47*h = -21. Let i(t) = 1039*t**2 - 12*t + 12. What is the remainder when i(h) is divided by 80?
79
Let u(y) = 5*y**3 + 34*y**2 - 4*y - 72. Calculate the remainder when 698 is divided by u(-6).
26
Calculate the remainder when 2476 + 136 - (-1 - 1) is divided by 20.
14
Let c(u) = 12*u**2 - 76*u + 59. Let x(o) = -7*o**2 + 36*o - 30. Let i(g) = -3*c(g) - 5*x(g). What is the remainder when i(13) is divided by 33?
32
Let m(u) = -u**2 - 4*u + 11. Let r be m(-7). Let x be ((-8)/(-10))/(6/r)*24. Let v = x + 62. What is the remainder when v is divided by 16?
14
Let u = 5299 - 5261. Calculate the remainder when 626 is divided by u.
18
Suppose -6*t + 15 = -3. Let x(l) = 0 + 3*l + 5*l + 6*l**2 + 8 - l**t. Calculate the remainder when x(6) is divided by 12.
8
Let z(h) = h**2 + h - 40. Let s = -157 + 165. Let a(k) = -k**2 + 19. What is the remainder when z(s) is divided by a(0)?
13
Suppose -240 = -7*t - 9*t. Calculate the remainder when (-1 + (-39)/t)/(18/(-2655)) is divided by 41.
39
Let i = 1144 + -146. Calculate the remainder when 1004 is divided by i.
6
Suppose 5*o - 13*o = 208. Let v = o - -33. What is the remainder when 76 is divided by v?
6
Let q = 925 + 225. Suppose 12*x - q = 482. Let b = x - 33. Calculate the remainder when b is divided by 21.
19
Let y = -162 + -7. Let w be 5/((-195)/(-6)) + (-312)/y. Calculate the remainder when 100 is divided by (-2 + 3)/(w/68).
32
Suppose -1224*g + 1193*g + 1798 = 0. Calculate the remainder when 228 + (-4)/(3 + -1) is divided by g.
52
Let t(a) = -159*a**2 - 9*a + 3. Let y = -26 - -23. Let k be t(y). Calculate the remainder when 3/(-6) + (3 - k/6) is divided by 34.
32
Let p(y) be the third derivative of y**5/30 - 9*y**4/8 - 179*y**3/3 - y**2 + 17*y. Calculate the remainder when p(-14) is divided by 13.
9
Let c(g) = 5*g**2 - g - 1. Suppose 57*d + 615 = 16*d. Calculate the remainder when (-7391)/(-95) - 3/d is divided by c(-2).
15
Suppose 0 = -2*f + 40 + 372. Let z = 27598 - 27584. Calculate th